- 92 = -2*l. Let o = l - 2. Suppose 90*g = -6*g + 23232. What is the remainder when g is divided by o?
46
Let b(f) = 6*f**2 - 2*f + 2. Let q(d) = -29*d - 2. Let m = 18 - 19. What is the remainder when q(m) is divided by b(-1)?
7
Suppose 0 = 16*y - 18*y + 4*c + 16, y - 12 = c. What is the remainder when 1915 is divided by y?
11
Let v(j) = -j**2 + 39*j - 98. Let k be v(36). What is the remainder when 124 is divided by 140/(1 + 6)*4/k?
4
Let a = 13531 - 13512. Suppose -72 = -2*v + 154. Calculate the remainder when v is divided by a.
18
Suppose -4*j + 33 = x, -j + 4*x - x = -5. Let h be (3 + 2 - 3) + 1*31. Suppose -2*y + h - 23 = 0. What is the remainder when j is divided by y?
3
Suppose 2*l - 74 = 72. Let u = -776 - -904. What is the remainder when u is divided by l?
55
Let b(p) = p**2 - 3*p - 1. Let c be ((-2)/(-5))/((-3)/(-30)). Suppose 344*o = 410*o - 528. What is the remainder when o is divided by b(c)?
2
Let q be (-9 - (-2 - 0))*-59. Let t = q + -401. What is the remainder when 118 is divided by t?
10
Suppose 2*c - 380 = 11*m - 7*m, -3*c - m = -598. What is the remainder when c is divided by 159?
39
Let k = -17121 + 17375. What is the remainder when k is divided by 136?
118
Suppose 5*c + 5160*i - 259 = 5164*i, -5*i - 55 = 0. Suppose 5*s = -0*s + 1050. Calculate the remainder when s is divided by c.
38
Let w = 33 - -45. Suppose 5*q - 107 = w. Let h(m) = 21*m**3 - 2*m**2 + 3*m - 2. Calculate the remainder when q is divided by h(1).
17
What is the remainder when ((-34)/((-272)/(-24)))/(3/1324*-2) is divided by 15?
2
Let b = 1 + -7. Let z(k) = 11 - 12 + 2*k**2 - 5 + 5 - k**2. Calculate the remainder when 138 is divided by z(b).
33
Let r(b) = -3*b**3 + 67*b**2 - 73*b + 8. Calculate the remainder when r(15) is divided by 21.
20
Let d = 112 + -31. Calculate the remainder when d is divided by 7/((-3)/((-312)/26)).
25
Let f be (198/15)/(15/50). Suppose 252 = -35*p + f*p. Calculate the remainder when 379 is divided by p.
15
Calculate the remainder when 871 is divided by 6*(0 + 7)/(270/180).
3
Suppose -v + 49 = 4*b, 1087*b = -5*v + 1083*b + 165. Calculate the remainder when v is divided by 22.
7
Let z = -23 + 21. Let l be (2 + z)/((-3)/2*-2). Suppose h - a - 6 = l, 5*h - 15 = -2*a + 8. Calculate the remainder when 37 is divided by h.
2
Calculate the remainder when 47 is divided by 1/2*132/55*25.
17
Suppose 74 = -s + 87. Suppose -k = 3*r - s, 3*k = -2*r + r + 15. Suppose 6*i + r = 15. Calculate the remainder when 5 is divided by i.
1
Let b(m) = 446*m + 5146. Calculate the remainder when 16319 is divided by b(-11).
239
Suppose -5*p + 2*o = -42 + 2, 4*p - 49 = 5*o. Suppose p*m - 57 = 81. What is the remainder when 36 is divided by m?
13
Let q(m) = m**2 - 18*m + 6. Let d be q(19). Suppose -6*z + 121 = d. Calculate the remainder when 45 is divided by z.
13
Let b = 4550 - 4497. Calculate the remainder when 271 is divided by b.
6
Suppose 19*z = 452 + 213. Suppose -2*f - z = -337. What is the remainder when f is divided by 14?
11
Suppose -5*h + 84*h + 2054 = 37841. Calculate the remainder when 912 is divided by h.
6
Let v = -2954 - -4170. Let k be -9*1*v/(-48). Suppose k = 6*g - 12. Calculate the remainder when g is divided by 6.
4
Suppose 10249 = 492*y - 16478 + 4095. Calculate the remainder when 1*75*6/5 is divided by y.
44
Let y(x) = -48*x**3 - x**2 - x. Let n(m) = 3*m**2 + 120*m - 108. What is the remainder when y(-1) is divided by n(-41)?
3
Let m(w) = w**3 - 4*w**2 - 5*w - 1. Let x be m(-1). Let p(c) be the second derivative of -107*c**3/6 + 2*c. Calculate the remainder when p(x) is divided by 22.
19
Let l(o) = 4*o**2 + 4*o. Suppose 34713 = 12*k + 17*k. Let v = -1186 + k. Calculate the remainder when l(5) is divided by v.
10
Let w(v) be the third derivative of 13*v**4/4 - 44*v**2. Let d be w(-1). Let j = d + 133. What is the remainder when j is divided by 20?
15
Suppose -m = -3*i - 24, 2*i + 55*m = 51*m - 2. Let r(z) = -31*z - 140. Calculate the remainder when r(i) is divided by 32.
13
Let m = 2176 - 2065. Calculate the remainder when 212 is divided by m.
101
Suppose -3*w + 12 = 0, -307*q + 309*q - 134 = -2*w. What is the remainder when 97 is divided by q?
34
Suppose -3 - 1 = -2*x, -135 = -3*p + 3*x. Suppose -5*i - p = -g + 168, 5*g - 967 = -2*i. What is the remainder when g is divided by 49?
48
Let u = 4307 + -4292. Let a be ((-8)/(-6))/4*-3. What is the remainder when (-51 + (2 - 4))/a is divided by u?
8
Let t = -9 - -16. Suppose -t*s + 18 = -s. What is the remainder when s is divided by (3 - 15/9)*63/28?
0
Let z(g) = g**2 + 2*g + 6. Let c be (-1 + 22/33)*-15. Suppose -m + 25 = -6*m, 3*n - c*m = 187. What is the remainder when n is divided by z(-4)?
12
Suppose -2*z = -2*k, 2*k + k - 21 = -4*z. Let j = 11650 - 11629. What is the remainder when j is divided by k?
0
Calculate the remainder when 2365 is divided by 10/(-4)*364/(-70).
12
Suppose 18*d - 386 = 2350. Suppose d = -25*v + 26*v. What is the remainder when v is divided by 39?
35
Suppose -440 = -3*y - 98. Suppose 121*s = 5470 - 1961. Calculate the remainder when y is divided by s.
27
Let i(a) = -7 - a - 9 + 3*a + 1. Suppose 5*s + 2*r - 8 = 7, 9 = 3*s - 5*r. What is the remainder when i(12) is divided by s?
0
Let o be (-1 + 0)*(3 - 111). Suppose o = -b - 3*b + 4*r, -69 = 2*b + r. Let c = b + 49. What is the remainder when 29 is divided by c?
12
Let s(u) = -12*u + 5. Let p(q) = q**2 - 15*q + 34. Let h be p(12). Calculate the remainder when 103 is divided by s(h).
16
Let z = 735 - 733. Let n = 36 + -5. What is the remainder when n is divided by (0 - z)/(7/(-56))?
15
What is the remainder when 1344 is divided by 47 + (-5282)/114 + (-3962)/(-6)?
22
Suppose -240 = 8*p - 484 - 524. What is the remainder when p is divided by 23?
4
Suppose 20*p + 64*p - 26100 = -3*p. What is the remainder when 627 is divided by p?
27
Let g(v) = -v**2 - 126*v - 2885. What is the remainder when g(-34) is divided by 116?
11
Let g(r) = 4*r. Let l be g(0). Suppose -3*h + l = -126. Suppose -h = -b - 10. What is the remainder when b is divided by 7?
4
Let f(q) = 7*q - 12. Let l be f(1). What is the remainder when 249 is divided by (l - (-12)/(-20))/((-4)/20)?
25
Let w(x) = 3*x**2 - 18*x - 56. Calculate the remainder when 613 is divided by w(13).
179
Let x = -517 - -469. Let g be 9/2*116/(-6). Let h = x - g. Calculate the remainder when h is divided by 15.
9
Suppose 0 = 4*d - 0*d - 28. Let p = 12309 + -12294. Calculate the remainder when p is divided by d.
1
Let n(y) = -13*y**3 - 2*y**2 - 4*y - 3. Let l be n(-3). Let t = l + -274. What is the remainder when t is divided by 18?
14
Let r = 165 - 169. Calculate the remainder when 28 is divided by -6*(-51)/54*(-1 - r).
11
Suppose -2*i = -u - 549, -26*u + 28*u - 564 = -2*i. What is the remainder when i is divided by 60?
37
Suppose -69*r + 76*r - 29472 = 3225. What is the remainder when r is divided by 25?
21
Suppose 4*m + 16*m = 40. Suppose -m*a - 30 = -80. What is the remainder when a is divided by 19?
6
Suppose -19*o - 4*b = -21*o + 774, -5*o + 5*b + 1935 = 0. What is the remainder when o is divided by 22?
13
Let g be 90/(-210) + (-52)/(-7). Calculate the remainder when 644/g - 1*-4 is divided by 29.
9
Suppose -86*q + 113176 = 215*q. What is the remainder when q is divided by 40?
16
Let o(a) = -24*a + 1284. What is the remainder when o(20) is divided by 383?
38
Let z = -67 + -92. Let f = z + 195. What is the remainder when f is divided by 15?
6
Suppose 3*r + 14 + 6 = 4*v, 3*v - 22 = 4*r. Suppose 0 = 3*c - v*s - 314, -4*c - 194 = 2*s - 636. What is the remainder when c is divided by 37?
34
Suppose 725*o - 14342 = 13327 - 10269. Let y = -124 + 255. Calculate the remainder when y is divided by o.
11
Let b(f) = 5*f**2 - 26*f + 73. Let p be b(12). Let y = 523 - p. Calculate the remainder when 45 is divided by y.
3
Suppose -4*w - 2*d = -44, -3*w - 2*d = -45 + 12. What is the remainder when 84 is divided by (-30)/(-18)*15 - (w - 8)?
18
Let i = -44 - -47. Suppose 25 = 5*r, -3*q + 4*r = i*r + 59. Let s = 35 - q. What is the remainder when s is divided by 8?
5
Let f be (-5)/(2 - (-11)/(-5)). What is the remainder when 72 is divided by 21*(30 - f - (4 - 0))?
9
Let g = -27910 + 29329. What is the remainder when g is divided by 25?
19
Suppose -3*s + 4*l = -796, -295 - 1080 = -5*s - 3*l. Let r =